{"id":1739,"date":"2024-07-04T11:09:18","date_gmt":"2024-07-04T09:09:18","guid":{"rendered":"https:\/\/les-funambules.com\/?post_type=product&#038;p=1739"},"modified":"2024-07-04T18:49:32","modified_gmt":"2024-07-04T16:49:32","slug":"elles-digipack","status":"publish","type":"product","link":"https:\/\/les-funambules.com\/?product=elles-digipack","title":{"rendered":"Elles &#8211; Digipack"},"content":{"rendered":"<div id=\"tab-description\" class=\"woocommerce-Tabs-panel woocommerce-Tabs-panel--description panel entry-content wc-tab\" role=\"tabpanel\" aria-labelledby=\"tab-title-description\">\n<p><strong>Album compos\u00e9, arrang\u00e9 et r\u00e9alis\u00e9 par<\/strong>\u00a0St\u00e9phane Corbin<\/p>\n<p><strong>Piano, claviers, programmations<\/strong>\u00a0St\u00e9phane Corbin<br \/>\n<strong>Basse<\/strong>\u00a0Cl\u00e9o Bigontina<br \/>\n<strong>Batterie<\/strong>\u00a0Benjamin Corbeil<br \/>\n<strong>Guitares<\/strong>\u00a0Vincent Urbaniak<br \/>\n<strong>Violon<\/strong>\u00a0Laure Shappler<br \/>\n<strong>Ukul\u00e9l\u00e9 basse<\/strong>\u00a0Sylvain Delannoy<br \/>\n<strong>Alto, arrangements alto<\/strong>\u00a0Anne-Sophie Versnaeyen<br \/>\n<strong>Trompette, bugle, arrangements cuivres<\/strong>\u00a0Rodolph Puechbroussous<br \/>\n<strong>Trombone<\/strong>\u00a0Fabien Cyprien<br \/>\n<strong>Clarinette, fl\u00fbte traversi\u00e8re<\/strong>\u00a0Nicolas Fargeix<br \/>\n<strong>Ch\u0153urs<\/strong>\u00a0Sonia Alvarez, Rachel Pignot, Marion Pr\u00e9\u00eft\u00e9<br \/>\n<strong>Bodhran<\/strong>\u00a0Lady Stefane<\/p>\n<p><strong>Coaching vocal<\/strong>\u00a0Sonia Alvarez<\/p>\n<p><strong>Album enregistr\u00e9 par<\/strong>\u00a0St\u00e9phane Corbin au Studio Blossom (Paris)<br \/>\nsauf<br \/>\n<strong>Batteries et basses<\/strong>\u00a0par Benjamin Corbeil et Cl\u00e9o Bigontina au Studio Pantin<br \/>\n<strong>Guitares, violon, ukul\u00e9l\u00e9 basse, alto, bodhran\u00a0<\/strong>par les musicien.ne.s, \u00e0 la maison<br \/>\n<strong>Cuivres<\/strong>\u00a0par Anthony Blin au Studio M Factory (Montreuil)<br \/>\n<strong>Voix Pascale Drevillon<\/strong>\u00a0par Alexis Martin au Studio Parleur (Montr\u00e9al)<br \/>\n<strong>Voix Rachida Brakni<\/strong>\u00a0au Studio Digital Azul (Lisbonne)<br \/>\n<strong>Voix Enzo Enzo<\/strong>\u00a0par Enzo D\u2019Agostino au Studio Elia (Annecy)<br \/>\n<strong>Ch\u0153urs \u201cElles\u201d et \u201cIn honorem\u201d<\/strong>\u00a0par Loa\u00ef Rahman au Studio Oberkampf (Paris)<\/p>\n<p><strong>Mixage<\/strong>\u00a0Laurent Dupuy (Not Before Noon)<br \/>\n<strong>Mastering<\/strong>\u00a0Simon Capony (Basalte Studio)<br \/>\n<strong>\u00e9dition Pro Tools<\/strong>\u00a0Guillaume Le Dain (Delacroix Studio)<\/p>\n<p><strong>Photos<\/strong>\u00a0Julien Benhamou (au Studio Daguerre \u2013 mise en espace : Wilfried Bernard)<br \/>\n<strong>Visuel \u201cElles\u201d<\/strong>\u00a0Alek Kostic et Sophie Houillon (Also Native)<br \/>\n<strong>Graphisme<\/strong>\u00a0Damien Richard<br \/>\n<strong>Supervision graphique et \u00e9ditoriale<\/strong>\u00a0Fran\u00e7ois Corbin<\/p>\n<p><strong>Production et administration<\/strong>\u00a0Claire Merviel<br \/>\n<strong>Presse<\/strong>\u00a0Matthieu Cl\u00e9e (Switch Agency)<br \/>\n<strong>Fabrication<\/strong>\u00a0Kuroneko Phonogram Manufacture<br \/>\n<strong>Distribution<\/strong>\u00a0Kuroneko<\/p>\n<p>\u2117 &amp; \u00a9 les funambules, 2022<\/p>\n<p>Projet cr\u00e9\u00e9 avec le soutien amical<br \/>\ndu label Blossom et de Claire Merviel Production<\/p>\n<\/div>\n<div id=\"tab-additional_information\" class=\"woocommerce-Tabs-panel woocommerce-Tabs-panel--additional_information panel entry-content wc-tab\" role=\"tabpanel\" aria-labelledby=\"tab-title-additional_information\"><\/div>\n","protected":false},"excerpt":{"rendered":"<p>Album compos\u00e9, arrang\u00e9 et r\u00e9alis\u00e9 par\u00a0St\u00e9phane Corbin Piano, claviers, programmations\u00a0St\u00e9phane Corbin Basse\u00a0Cl\u00e9o Bigontina Batterie\u00a0Benjamin Corbeil Guitares\u00a0Vincent Urbaniak Violon\u00a0Laure Shappler Ukul\u00e9l\u00e9 basse\u00a0Sylvain Delannoy Alto, arrangements alto\u00a0Anne-Sophie Versnaeyen Trompette, bugle, arrangements cuivres\u00a0Rodolph Puechbroussous Trombone\u00a0Fabien Cyprien Clarinette, fl\u00fbte traversi\u00e8re\u00a0Nicolas Fargeix Ch\u0153urs\u00a0Sonia Alvarez, Rachel Pignot, Marion Pr\u00e9\u00eft\u00e9 Bodhran\u00a0Lady Stefane Coaching vocal\u00a0Sonia Alvarez Album enregistr\u00e9 par\u00a0St\u00e9phane Corbin au Studio Blossom [&hellip;]<\/p>\n","protected":false},"featured_media":1787,"comment_status":"open","ping_status":"closed","template":"","meta":[],"product_brand":[],"product_cat":[26],"product_tag":[],"class_list":{"0":"post-1739","1":"product","2":"type-product","3":"status-publish","4":"has-post-thumbnail","6":"product_cat-non-classe","8":"first","9":"instock","10":"purchasable","11":"product-type-simple"},"_links":{"self":[{"href":"https:\/\/les-funambules.com\/index.php?rest_route=\/wp\/v2\/product\/1739","targetHints":{"allow":["GET"]}}],"collection":[{"href":"https:\/\/les-funambules.com\/index.php?rest_route=\/wp\/v2\/product"}],"about":[{"href":"https:\/\/les-funambules.com\/index.php?rest_route=\/wp\/v2\/types\/product"}],"replies":[{"embeddable":true,"href":"https:\/\/les-funambules.com\/index.php?rest_route=%2Fwp%2Fv2%2Fcomments&post=1739"}],"wp:featuredmedia":[{"embeddable":true,"href":"https:\/\/les-funambules.com\/index.php?rest_route=\/wp\/v2\/media\/1787"}],"wp:attachment":[{"href":"https:\/\/les-funambules.com\/index.php?rest_route=%2Fwp%2Fv2%2Fmedia&parent=1739"}],"wp:term":[{"taxonomy":"product_brand","embeddable":true,"href":"https:\/\/les-funambules.com\/index.php?rest_route=%2Fwp%2Fv2%2Fproduct_brand&post=1739"},{"taxonomy":"product_cat","embeddable":true,"href":"https:\/\/les-funambules.com\/index.php?rest_route=%2Fwp%2Fv2%2Fproduct_cat&post=1739"},{"taxonomy":"product_tag","embeddable":true,"href":"https:\/\/les-funambules.com\/index.php?rest_route=%2Fwp%2Fv2%2Fproduct_tag&post=1739"}],"curies":[{"name":"wp","href":"https:\/\/api.w.org\/{rel}","templated":true}]}}